atest common divisor of 108 and 297?
27
What is the highest common factor of 297 and 108?
27
What is the highest common factor of 122 and 8357?
61
What is the greatest common divisor of 147 and 168?
21
What is the greatest common divisor of 72 and 558?
18
Calculate the greatest common factor of 540 and 10890.
90
What is the greatest common factor of 2736 and 432?
144
Calculate the greatest common divisor of 476 and 85.
17
What is the highest common factor of 16 and 136?
8
Calculate the highest common factor of 747 and 27.
9
Calculate the greatest common divisor of 121 and 44.
11
What is the greatest common divisor of 18 and 2?
2
Calculate the greatest common divisor of 126 and 24.
6
What is the greatest common factor of 2006 and 68?
34
What is the highest common factor of 360 and 2610?
90
Calculate the greatest common factor of 177 and 13511.
59
Calculate the greatest common factor of 297 and 87.
3
What is the highest common divisor of 9 and 144?
9
What is the highest common factor of 81 and 702?
27
Calculate the highest common factor of 3941 and 7.
7
Calculate the greatest common divisor of 276 and 644.
92
What is the greatest common divisor of 3007 and 97?
97
Calculate the greatest common factor of 189 and 126.
63
What is the highest common divisor of 48 and 20?
4
What is the highest common divisor of 37 and 370?
37
Calculate the greatest common factor of 54 and 1107.
27
What is the greatest common divisor of 940 and 5828?
188
What is the highest common factor of 354 and 19234?
118
Calculate the highest common divisor of 150 and 50.
50
Calculate the greatest common divisor of 10 and 195.
5
Calculate the greatest common divisor of 45 and 375.
15
Calculate the greatest common divisor of 609 and 7511.
203
What is the highest common divisor of 828 and 9?
9
What is the highest common factor of 1819 and 527?
17
What is the greatest common factor of 570 and 78?
6
Calculate the highest common divisor of 22064 and 112.
112
What is the highest common factor of 539 and 308?
77
Calculate the greatest common divisor of 96 and 72.
24
What is the greatest common divisor of 2148 and 36?
12
What is the highest common divisor of 4 and 404?
4
Calculate the highest common divisor of 143 and 78.
13
Calculate the greatest common factor of 112 and 160.
16
What is the highest common divisor of 136 and 102?
34
Calculate the highest common factor of 2767 and 1.
1
What is the highest common factor of 21 and 7?
7
Calculate the greatest common factor of 25 and 3125.
25
Calculate the highest common divisor of 1242 and 432.
54
What is the greatest common factor of 48 and 48?
48
What is the greatest common divisor of 115 and 529?
23
Calculate the greatest common divisor of 544 and 374.
34
What is the highest common divisor of 368 and 92?
92
Calculate the greatest common factor of 9 and 10470.
3
Calculate the greatest common factor of 37 and 925.
37
Calculate the highest common factor of 156 and 15.
3
What is the highest common divisor of 180 and 64?
4
What is the greatest common factor of 3474 and 90?
18
What is the highest common divisor of 833 and 49?
49
Calculate the greatest common factor of 715 and 220.
55
Calculate the greatest common divisor of 154 and 182.
14
What is the greatest common factor of 117 and 36?
9
Calculate the greatest common divisor of 63 and 855.
9
What is the greatest common divisor of 820 and 20?
20
What is the highest common divisor of 45 and 63?
9
Calculate the highest common divisor of 62 and 775.
31
What is the greatest common divisor of 28 and 12999?
7
What is the greatest common divisor of 94 and 1175?
47
What is the greatest common factor of 4141 and 101?
101
Calculate the highest common divisor of 10 and 625.
5
What is the highest common divisor of 7565 and 89?
89
Calculate the highest common divisor of 295 and 59.
59
Calculate the highest common divisor of 43176 and 336.
168
What is the greatest common divisor of 6568 and 16?
8
Calculate the highest common divisor of 8917 and 74.
37
Calculate the highest common divisor of 237 and 1975.
79
What is the highest common factor of 27 and 7587?
27
What is the highest common divisor of 315 and 126?
63
Calculate the greatest common factor of 1045 and 22.
11
Calculate the highest common factor of 49 and 17395.
49
Calculate the highest common factor of 154 and 56.
14
What is the greatest common factor of 9100 and 1170?
130
Calculate the highest common factor of 22 and 198.
22
What is the greatest common divisor of 285 and 15?
15
Calculate the highest common divisor of 5 and 80.
5
Calculate the greatest common factor of 1272 and 168.
24
What is the highest common divisor of 87 and 3?
3
Calculate the greatest common factor of 60 and 140.
20
What is the highest common factor of 8410 and 58?
58
What is the greatest common divisor of 298 and 2831?
149
Calculate the greatest common factor of 231 and 583.
11
Calculate the greatest common factor of 11856 and 117.
39
Calculate the highest common factor of 12 and 100.
4
What is the highest common factor of 24 and 1464?
24
Calculate the highest common factor of 11008 and 640.
128
What is the highest common divisor of 992 and 8804?
124
What is the greatest common factor of 434 and 154?
14
What is the greatest common factor of 32 and 1?
1
What is the highest common factor of 588 and 3136?
196
What is the highest common divisor of 321 and 34882?
107
What is the highest common factor of 99 and 121?
11
What is the greatest common factor of 9772 and 42?
14
What is the greatest common divisor of 160 and 6880?
160
What is the highest common factor of 242 and 11?
11
Calculate the greatest common divisor of 10 and 470.
10
Calculate the highest common factor of 162 and 12.
6
What is the highest common divisor of 33 and 28072?
11
Calculate the highest common factor of 30 and 6582.
6
What is the greatest common divisor of 1112 and 973?
139
What is the highest common factor of 384 and 48?
48
Calculate the greatest common divisor of 198 and 176.
22
What is the highest common divisor of 145 and 3915?
145
What is the highest common divisor of 13840 and 160?
80
Calculate the greatest common factor of 88 and 891.
11
What is the greatest common factor of 184 and 598?
46
What is the highest common divisor of 336 and 240?
48
Calculate the greatest common divisor of 328 and 8.
8
What is the highest common divisor of 2 and 128?
2
Calculate the greatest common factor of 118 and 118.
118
Calculate the highest common factor of 45 and 4365.
45
What is the greatest common divisor of 38 and 4?
2
What is the greatest common divisor of 306 and 5729?
17
Calculate the greatest common divisor of 23115 and 138.
69
What is the highest common divisor of 12 and 16?
4
Calculate the highest common factor of 70 and 20.
10
What is the highest common divisor of 2925 and 75?
75
What is the greatest common divisor of 24 and 584?
8
What is the greatest common factor of 396 and 36?
36
Calculate the greatest common factor of 54 and 38574.
18
What is the greatest common factor of 696 and 783?
87
What is the highest common factor of 7 and 7?
7
What is the highest common factor of 493 and 17?
17
Calculate the greatest common factor of 1827 and 9918.
261
Calculate the highest common factor of 234 and 12.
6
What is the greatest common divisor of 30 and 14870?
10
Calculate the highest common divisor of 6 and 804.
6
What is the greatest common divisor of 68 and 21556?
68
What is the highest common divisor of 30 and 930?
30
What is the highest common factor of 88 and 2068?
44
Calculate the highest common divisor of 1078 and 784.
98
Calculate the greatest common divisor of 6251 and 8225.
329
What is the highest common divisor of 53 and 2?
1
What is the greatest common divisor of 966 and 6210?
138
What is the highest common divisor of 46 and 368?
46
What is the greatest common divisor of 241 and 32535?
241
What is the greatest common factor of 924 and 9548?
308
What is the greatest common factor of 3901 and 47?
47
Calculate the greatest common divisor of 378 and 270.
54
Calculate the highest common factor of 23583 and 7.
7
Calculate the highest common factor of 146 and 3431.
73
Calculate the greatest common divisor of 38467 and 572.
143
Calculate the greatest common factor of 107 and 1391.
107
Calculate the highe